[INFO] cloning repository https://github.com/valarauca/Rust-GRPC-bug
[INFO] running `Command { std: "git" "-c" "credential.helper=" "-c" "credential.helper=/workspace/cargo-home/bin/git-credential-null" "clone" "--bare" "https://github.com/valarauca/Rust-GRPC-bug" "/workspace/cache/git-repos/https%3A%2F%2Fgithub.com%2Fvalarauca%2FRust-GRPC-bug", kill_on_drop: false }`
[INFO] [stderr] Cloning into bare repository '/workspace/cache/git-repos/https%3A%2F%2Fgithub.com%2Fvalarauca%2FRust-GRPC-bug'...
[INFO] running `Command { std: "git" "rev-parse" "HEAD", kill_on_drop: false }`
[INFO] [stdout] 436d25ab205558f5c98aa59b20e12f69dfbc60e7
[INFO] building valarauca/Rust-GRPC-bug against master#ff34b919075f35a1787659e9c448a34b06bab8de for issue-85264
[INFO] running `Command { std: "git" "clone" "/workspace/cache/git-repos/https%3A%2F%2Fgithub.com%2Fvalarauca%2FRust-GRPC-bug" "/workspace/builds/worker-0/source", kill_on_drop: false }`
[INFO] [stderr] Cloning into '/workspace/builds/worker-0/source'...
[INFO] [stderr] done.
[INFO] validating manifest of git repo https://github.com/valarauca/Rust-GRPC-bug on toolchain ff34b919075f35a1787659e9c448a34b06bab8de
[INFO] running `Command { std: "/workspace/cargo-home/bin/cargo" "+ff34b919075f35a1787659e9c448a34b06bab8de" "metadata" "--manifest-path" "Cargo.toml" "--no-deps", kill_on_drop: false }`
[INFO] started tweaking git repo https://github.com/valarauca/Rust-GRPC-bug
[INFO] finished tweaking git repo https://github.com/valarauca/Rust-GRPC-bug
[INFO] tweaked toml for git repo https://github.com/valarauca/Rust-GRPC-bug written to /workspace/builds/worker-0/source/Cargo.toml
[INFO] crate git repo https://github.com/valarauca/Rust-GRPC-bug already has a lockfile, it will not be regenerated
[INFO] running `Command { std: "/workspace/cargo-home/bin/cargo" "+ff34b919075f35a1787659e9c448a34b06bab8de" "fetch" "--manifest-path" "Cargo.toml", kill_on_drop: false }`
[INFO] [stderr]     Blocking waiting for file lock on package cache
[INFO] [stderr]  Downloading crates ...
[INFO] [stderr]   Downloaded bytes v0.4.4
[INFO] [stderr]   Downloaded grpc v0.2.1
[INFO] [stderr]   Downloaded mio v0.6.9
[INFO] [stderr]   Downloaded num_cpus v1.6.2
[INFO] [stderr]   Downloaded net2 v0.2.30
[INFO] [stderr]   Downloaded futures-cpupool v0.1.5
[INFO] [stderr]   Downloaded libc v0.2.28
[INFO] [stderr]   Downloaded tokio-io v0.1.2
[INFO] [stderr]   Downloaded httpbis v0.4.1
[INFO] [stderr]   Downloaded futures v0.1.14
[INFO] [stderr]   Downloaded tls-api v0.1.8
[INFO] [stderr]   Downloaded tokio-tls-api v0.1.8
[INFO] [stderr]   Downloaded tls-api-stub v0.1.8
[INFO] running `Command { std: "docker" "create" "-v" "/var/lib/crater-agent-workspace/builds/worker-0/target:/opt/rustwide/target:rw,Z" "-v" "/var/lib/crater-agent-workspace/builds/worker-0/source:/opt/rustwide/workdir:ro,Z" "-v" "/var/lib/crater-agent-workspace/cargo-home:/opt/rustwide/cargo-home:ro,Z" "-v" "/var/lib/crater-agent-workspace/rustup-home:/opt/rustwide/rustup-home:ro,Z" "-e" "SOURCE_DIR=/opt/rustwide/workdir" "-e" "CARGO_TARGET_DIR=/opt/rustwide/target" "-e" "CARGO_HOME=/opt/rustwide/cargo-home" "-e" "RUSTUP_HOME=/opt/rustwide/rustup-home" "-w" "/opt/rustwide/workdir" "-m" "1610612736" "--user" "0:0" "--network" "none" "ghcr.io/rust-lang/crates-build-env/linux@sha256:20528e8c29e4536546f0102ce88568b16ea7538393a33fcca951030f7af10457" "/opt/rustwide/cargo-home/bin/cargo" "+ff34b919075f35a1787659e9c448a34b06bab8de" "metadata" "--no-deps" "--format-version=1", kill_on_drop: false }`
[INFO] [stdout] 3bbbc9b6f07c413e3af440091a0cb0203e4840624a29c43a9ce6edb09cbeff9b
[INFO] [stderr] WARNING: Your kernel does not support swap limit capabilities or the cgroup is not mounted. Memory limited without swap.
[INFO] running `Command { std: "docker" "start" "-a" "3bbbc9b6f07c413e3af440091a0cb0203e4840624a29c43a9ce6edb09cbeff9b", kill_on_drop: false }`
[INFO] running `Command { std: "docker" "inspect" "3bbbc9b6f07c413e3af440091a0cb0203e4840624a29c43a9ce6edb09cbeff9b", kill_on_drop: false }`
[INFO] running `Command { std: "docker" "rm" "-f" "3bbbc9b6f07c413e3af440091a0cb0203e4840624a29c43a9ce6edb09cbeff9b", kill_on_drop: false }`
[INFO] [stdout] 3bbbc9b6f07c413e3af440091a0cb0203e4840624a29c43a9ce6edb09cbeff9b
[INFO] running `Command { std: "docker" "create" "-v" "/var/lib/crater-agent-workspace/builds/worker-0/target:/opt/rustwide/target:rw,Z" "-v" "/var/lib/crater-agent-workspace/builds/worker-0/source:/opt/rustwide/workdir:ro,Z" "-v" "/var/lib/crater-agent-workspace/cargo-home:/opt/rustwide/cargo-home:ro,Z" "-v" "/var/lib/crater-agent-workspace/rustup-home:/opt/rustwide/rustup-home:ro,Z" "-e" "SOURCE_DIR=/opt/rustwide/workdir" "-e" "CARGO_TARGET_DIR=/opt/rustwide/target" "-e" "CARGO_INCREMENTAL=0" "-e" "RUST_BACKTRACE=full" "-e" "RUSTFLAGS=--cap-lints=forbid" "-e" "CARGO_HOME=/opt/rustwide/cargo-home" "-e" "RUSTUP_HOME=/opt/rustwide/rustup-home" "-w" "/opt/rustwide/workdir" "-m" "1610612736" "--user" "0:0" "--network" "none" "ghcr.io/rust-lang/crates-build-env/linux@sha256:20528e8c29e4536546f0102ce88568b16ea7538393a33fcca951030f7af10457" "/opt/rustwide/cargo-home/bin/cargo" "+ff34b919075f35a1787659e9c448a34b06bab8de" "build" "--frozen" "--message-format=json", kill_on_drop: false }`
[INFO] [stdout] bf2799dfde405eb9ccd97ce62f7e984eccb5c27fca2bfc9b28f9e0b4c5512b51
[INFO] [stderr] WARNING: Your kernel does not support swap limit capabilities or the cgroup is not mounted. Memory limited without swap.
[INFO] running `Command { std: "docker" "start" "-a" "bf2799dfde405eb9ccd97ce62f7e984eccb5c27fca2bfc9b28f9e0b4c5512b51", kill_on_drop: false }`
[INFO] [stderr]    Compiling libc v0.2.28
[INFO] [stderr]    Compiling log v0.3.8
[INFO] [stderr]    Compiling byteorder v1.1.0
[INFO] [stderr]    Compiling futures v0.1.14
[INFO] [stderr]    Compiling cfg-if v0.1.2
[INFO] [stderr]    Compiling slab v0.3.0
[INFO] [stderr]    Compiling lazycell v0.4.0
[INFO] [stderr]    Compiling scoped-tls v0.1.0
[INFO] [stderr]    Compiling void v1.0.2
[INFO] [stderr]    Compiling safemem v0.2.0
[INFO] [stderr]    Compiling tls-api v0.1.8
[INFO] [stderr]    Compiling base64 v0.6.0
[INFO] [stderr]    Compiling tls-api-stub v0.1.8
[INFO] [stderr]    Compiling iovec v0.1.0
[INFO] [stderr]    Compiling net2 v0.2.30
[INFO] [stderr]    Compiling num_cpus v1.6.2
[INFO] [stderr]    Compiling bytes v0.4.4
[INFO] [stderr]    Compiling mio v0.6.9
[INFO] [stderr]    Compiling protobuf v1.4.1
[INFO] [stderr]    Compiling tokio-io v0.1.2
[INFO] [stderr]    Compiling futures-cpupool v0.1.5
[INFO] [stderr]    Compiling tokio-timer v0.1.2
[INFO] [stderr]    Compiling tokio-core v0.1.9
[INFO] [stderr]    Compiling tokio-tls-api v0.1.8
[INFO] [stderr]    Compiling httpbis v0.4.1
[INFO] [stderr]    Compiling grpc v0.2.1
[INFO] [stderr]    Compiling grpctestapp v0.1.0 (/opt/rustwide/workdir)
[INFO] [stdout] error[E0433]: failed to resolve: could not find `grpc_protobuf` in `grpc`
[INFO] [stdout]   --> src/gateway_grpc.rs:42:50
[INFO] [stdout]    |
[INFO] [stdout] 42 |                 req_marshaller: Box::new(::grpc::grpc_protobuf::MarshallerProtobuf),
[INFO] [stdout]    |                                                  ^^^^^^^^^^^^^ could not find `grpc_protobuf` in `grpc`
[INFO] [stdout] 
[INFO] [stdout] 
[INFO] [stdout] error[E0433]: failed to resolve: could not find `grpc_protobuf` in `grpc`
[INFO] [stdout]   --> src/gateway_grpc.rs:43:51
[INFO] [stdout]    |
[INFO] [stdout] 43 |                 resp_marshaller: Box::new(::grpc::grpc_protobuf::MarshallerProtobuf),
[INFO] [stdout]    |                                                   ^^^^^^^^^^^^^ could not find `grpc_protobuf` in `grpc`
[INFO] [stdout] 
[INFO] [stdout] 
[INFO] [stdout] error[E0433]: failed to resolve: could not find `GrpcClient` in `client`
[INFO] [stdout]   --> src/gateway_grpc.rs:49:25
[INFO] [stdout]    |
[INFO] [stdout] 49 |         ::grpc::client::GrpcClient::new(host, port, tls, conf).map(|c| {
[INFO] [stdout]    |                         ^^^^^^^^^^ could not find `GrpcClient` in `client`
[INFO] [stdout] 
[INFO] [stdout] 
[INFO] [stdout] error[E0433]: failed to resolve: could not find `GrpcServer` in `server`
[INFO] [stdout]   --> src/gateway_grpc.rs:79:42
[INFO] [stdout]    |
[INFO] [stdout] 79 |             grpc_server: ::grpc::server::GrpcServer::new_plain(addr, conf, service_definition),
[INFO] [stdout]    |                                          ^^^^^^^^^^ could not find `GrpcServer` in `server`
[INFO] [stdout] 
[INFO] [stdout] 
[INFO] [stdout] error[E0433]: failed to resolve: could not find `GrpcServer` in `server`
[INFO] [stdout]   --> src/gateway_grpc.rs:86:42
[INFO] [stdout]    |
[INFO] [stdout] 86 |             grpc_server: ::grpc::server::GrpcServer::new_plain_pool(addr, conf, service_definition, cpu_pool),
[INFO] [stdout]    |                                          ^^^^^^^^^^ could not find `GrpcServer` in `server`
[INFO] [stdout] 
[INFO] [stdout] 
[INFO] [stdout] error[E0433]: failed to resolve: could not find `grpc_protobuf` in `grpc`
[INFO] [stdout]   --> src/gateway_grpc.rs:98:58
[INFO] [stdout]    |
[INFO] [stdout] 98 |                         req_marshaller: Box::new(::grpc::grpc_protobuf::MarshallerProtobuf),
[INFO] [stdout]    |                                                          ^^^^^^^^^^^^^ could not find `grpc_protobuf` in `grpc`
[INFO] [stdout] 
[INFO] [stdout] 
[INFO] [stdout] error[E0433]: failed to resolve: could not find `grpc_protobuf` in `grpc`
[INFO] [stdout]   --> src/gateway_grpc.rs:99:59
[INFO] [stdout]    |
[INFO] [stdout] 99 |                         resp_marshaller: Box::new(::grpc::grpc_protobuf::MarshallerProtobuf),
[INFO] [stdout]    |                                                           ^^^^^^^^^^^^^ could not find `grpc_protobuf` in `grpc`
[INFO] [stdout] 
[INFO] [stdout] 
[INFO] [stdout] error[E0412]: cannot find type `GrpcRequestOptions` in crate `grpc`
[INFO] [stdout]   --> src/gateway_grpc.rs:25:40
[INFO] [stdout]    |
[INFO] [stdout] 25 |     fn RemoteLogging(&self, o: ::grpc::GrpcRequestOptions, p: super::gateway::SetLogLevel) -> ::grpc::GrpcStreamingResponse<super::gatewa...
[INFO] [stdout]    |                                        ^^^^^^^^^^^^^^^^^^ help: a struct with a similar name exists: `RequestOptions`
[INFO] [stdout]    | 
[INFO] [stdout]   ::: /opt/rustwide/cargo-home/registry/src/github.com-1ecc6299db9ec823/grpc-0.2.1/src/req.rs:10:1
[INFO] [stdout]    |
[INFO] [stdout] 10 | pub struct RequestOptions {
[INFO] [stdout]    | ------------------------- similarly named struct `RequestOptions` defined here
[INFO] [stdout] 
[INFO] [stdout] 
[INFO] [stdout] error[E0412]: cannot find type `GrpcStreamingResponse` in crate `grpc`
[INFO] [stdout]    --> src/gateway_grpc.rs:25:103
[INFO] [stdout]     |
[INFO] [stdout] 25  |   ...:SetLogLevel) -> ::grpc::GrpcStreamingResponse<super::gateway::LogMessage>;
[INFO] [stdout]     |                               ^^^^^^^^^^^^^^^^^^^^^ help: a struct with a similar name exists: `StreamingResponse`
[INFO] [stdout]     | 
[INFO] [stdout]    ::: /opt/rustwide/cargo-home/registry/src/github.com-1ecc6299db9ec823/grpc-0.2.1/src/resp.rs:105:1
[INFO] [stdout]     |
[INFO] [stdout] 105 | / pub struct StreamingResponse<T : Send + 'static>(
[INFO] [stdout] 106 | |     /// Initial metadata, stream of items followed by trailing metadata
[INFO] [stdout] 107 | |     pub GrpcFuture<(Metadata, GrpcStreamWithTrailingMetadata<T>)>
[INFO] [stdout] 108 | | );
[INFO] [stdout]     | |__- similarly named struct `StreamingResponse` defined here
[INFO] [stdout] 
[INFO] [stdout] 
[INFO] [stdout] error[E0412]: cannot find type `GrpcClient` in `grpc::client`
[INFO] [stdout]   --> src/gateway_grpc.rs:31:34
[INFO] [stdout]    |
[INFO] [stdout] 31 |     grpc_client: ::grpc::client::GrpcClient,
[INFO] [stdout]    |                                  ^^^^^^^^^^ not found in `grpc::client`
[INFO] [stdout] 
[INFO] [stdout] 
[INFO] [stdout] error[E0412]: cannot find type `GrpcClient` in `grpc::client`
[INFO] [stdout]   --> src/gateway_grpc.rs:36:53
[INFO] [stdout]    |
[INFO] [stdout] 36 |     pub fn with_client(grpc_client: ::grpc::client::GrpcClient) -> Self {
[INFO] [stdout]    |                                                     ^^^^^^^^^^ not found in `grpc::client`
[INFO] [stdout] 
[INFO] [stdout] 
[INFO] [stdout] error[E0412]: cannot find type `GrpcClientConf` in `grpc::client`
[INFO] [stdout]   --> src/gateway_grpc.rs:48:72
[INFO] [stdout]    |
[INFO] [stdout] 48 |     pub fn new(host: &str, port: u16, tls: bool, conf: ::grpc::client::GrpcClientConf) -> ::grpc::result::GrpcResult<Self> {
[INFO] [stdout]    |                                                                        ^^^^^^^^^^^^^^ not found in `grpc::client`
[INFO] [stdout] 
[INFO] [stdout] 
[INFO] [stdout] error[E0412]: cannot find type `GrpcResult` in `grpc::result`
[INFO] [stdout]   --> src/gateway_grpc.rs:48:107
[INFO] [stdout]    |
[INFO] [stdout] 48 |     pub fn new(host: &str, port: u16, tls: bool, conf: ::grpc::client::GrpcClientConf) -> ::grpc::result::GrpcResult<Self> {
[INFO] [stdout]    |                                                                                                           ^^^^^^^^^^ not found in `grpc::result`
[INFO] [stdout] 
[INFO] [stdout] 
[INFO] [stdout] error[E0412]: cannot find type `GrpcRequestOptions` in crate `grpc`
[INFO] [stdout]   --> src/gateway_grpc.rs:56:40
[INFO] [stdout]    |
[INFO] [stdout] 56 |     fn RemoteLogging(&self, o: ::grpc::GrpcRequestOptions, p: super::gateway::SetLogLevel) -> ::grpc::GrpcStreamingResponse<super::gatewa...
[INFO] [stdout]    |                                        ^^^^^^^^^^^^^^^^^^ help: a struct with a similar name exists: `RequestOptions`
[INFO] [stdout]    | 
[INFO] [stdout]   ::: /opt/rustwide/cargo-home/registry/src/github.com-1ecc6299db9ec823/grpc-0.2.1/src/req.rs:10:1
[INFO] [stdout]    |
[INFO] [stdout] 10 | pub struct RequestOptions {
[INFO] [stdout]    | ------------------------- similarly named struct `RequestOptions` defined here
[INFO] [stdout] 
[INFO] [stdout] 
[INFO] [stdout] error[E0412]: cannot find type `GrpcStreamingResponse` in crate `grpc`
[INFO] [stdout]    --> src/gateway_grpc.rs:56:103
[INFO] [stdout]     |
[INFO] [stdout] 56  |   ...:SetLogLevel) -> ::grpc::GrpcStreamingResponse<super::gateway::LogMessage> {
[INFO] [stdout]     |                               ^^^^^^^^^^^^^^^^^^^^^ help: a struct with a similar name exists: `StreamingResponse`
[INFO] [stdout]     | 
[INFO] [stdout]    ::: /opt/rustwide/cargo-home/registry/src/github.com-1ecc6299db9ec823/grpc-0.2.1/src/resp.rs:105:1
[INFO] [stdout]     |
[INFO] [stdout] 105 | / pub struct StreamingResponse<T : Send + 'static>(
[INFO] [stdout] 106 | |     /// Initial metadata, stream of items followed by trailing metadata
[INFO] [stdout] 107 | |     pub GrpcFuture<(Metadata, GrpcStreamWithTrailingMetadata<T>)>
[INFO] [stdout] 108 | | );
[INFO] [stdout]     | |__- similarly named struct `StreamingResponse` defined here
[INFO] [stdout] 
[INFO] [stdout] 
[INFO] [stdout] error[E0412]: cannot find type `GrpcServer` in `grpc::server`
[INFO] [stdout]   --> src/gateway_grpc.rs:64:38
[INFO] [stdout]    |
[INFO] [stdout] 64 |     pub grpc_server: ::grpc::server::GrpcServer,
[INFO] [stdout]    |                                      ^^^^^^^^^^ not found in `grpc::server`
[INFO] [stdout] 
[INFO] [stdout] 
[INFO] [stdout] error[E0412]: cannot find type `GrpcServer` in `grpc::server`
[INFO] [stdout]   --> src/gateway_grpc.rs:68:35
[INFO] [stdout]    |
[INFO] [stdout] 68 |     type Target = ::grpc::server::GrpcServer;
[INFO] [stdout]    |                                   ^^^^^^^^^^ not found in `grpc::server`
[INFO] [stdout] 
[INFO] [stdout] 
[INFO] [stdout] error[E0412]: cannot find type `GrpcServerConf` in `grpc::server`
[INFO] [stdout]   --> src/gateway_grpc.rs:76:125
[INFO] [stdout]    |
[INFO] [stdout] 76 | ...end + 'static>(addr: A, conf: ::grpc::server::GrpcServerConf, h: H) -> Self {
[INFO] [stdout]    |                                                  ^^^^^^^^^^^^^^ not found in `grpc::server`
[INFO] [stdout] 
[INFO] [stdout] 
[INFO] [stdout] error[E0412]: cannot find type `GrpcServerConf` in `grpc::server`
[INFO] [stdout]   --> src/gateway_grpc.rs:83:130
[INFO] [stdout]    |
[INFO] [stdout] 83 | ...end + 'static>(addr: A, conf: ::grpc::server::GrpcServerConf, h: H, cpu_pool: ::futures_cpupool::CpuPool) -> Self {
[INFO] [stdout]    |                                                  ^^^^^^^^^^^^^^ not found in `grpc::server`
[INFO] [stdout] 
[INFO] [stdout] 
[INFO] [stdout] error[E0603]: module `client` is private
[INFO] [stdout]   --> src/gateway_grpc.rs:31:26
[INFO] [stdout]    |
[INFO] [stdout] 31 |     grpc_client: ::grpc::client::GrpcClient,
[INFO] [stdout]    |                          ^^^^^^ private module
[INFO] [stdout]    |
[INFO] [stdout] note: the module `client` is defined here
[INFO] [stdout]   --> /opt/rustwide/cargo-home/registry/src/github.com-1ecc6299db9ec823/grpc-0.2.1/src/lib.rs:21:1
[INFO] [stdout]    |
[INFO] [stdout] 21 | mod client;
[INFO] [stdout]    | ^^^^^^^^^^^
[INFO] [stdout] 
[INFO] [stdout] 
[INFO] [stdout] error[E0603]: module `method` is private
[INFO] [stdout]   --> src/gateway_grpc.rs:32:52
[INFO] [stdout]    |
[INFO] [stdout] 32 |     method_RemoteLogging: ::std::sync::Arc<::grpc::method::MethodDescriptor<super::gateway::SetLogLevel, super::gateway::LogMessage>>,
[INFO] [stdout]    |                                                    ^^^^^^ private module
[INFO] [stdout]    |
[INFO] [stdout] note: the module `method` is defined here
[INFO] [stdout]   --> /opt/rustwide/cargo-home/registry/src/github.com-1ecc6299db9ec823/grpc-0.2.1/src/lib.rs:36:1
[INFO] [stdout]    |
[INFO] [stdout] 36 | mod method;
[INFO] [stdout]    | ^^^^^^^^^^^
[INFO] [stdout] 
[INFO] [stdout] 
[INFO] [stdout] error[E0603]: module `client` is private
[INFO] [stdout]   --> src/gateway_grpc.rs:36:45
[INFO] [stdout]    |
[INFO] [stdout] 36 |     pub fn with_client(grpc_client: ::grpc::client::GrpcClient) -> Self {
[INFO] [stdout]    |                                             ^^^^^^ private module
[INFO] [stdout]    |
[INFO] [stdout] note: the module `client` is defined here
[INFO] [stdout]   --> /opt/rustwide/cargo-home/registry/src/github.com-1ecc6299db9ec823/grpc-0.2.1/src/lib.rs:21:1
[INFO] [stdout]    |
[INFO] [stdout] 21 | mod client;
[INFO] [stdout]    | ^^^^^^^^^^^
[INFO] [stdout] 
[INFO] [stdout] 
[INFO] [stdout] error[E0603]: module `method` is private
[INFO] [stdout]   --> src/gateway_grpc.rs:39:65
[INFO] [stdout]    |
[INFO] [stdout] 39 |             method_RemoteLogging: ::std::sync::Arc::new(::grpc::method::MethodDescriptor {
[INFO] [stdout]    |                                                                 ^^^^^^ private module
[INFO] [stdout]    |
[INFO] [stdout] note: the module `method` is defined here
[INFO] [stdout]   --> /opt/rustwide/cargo-home/registry/src/github.com-1ecc6299db9ec823/grpc-0.2.1/src/lib.rs:36:1
[INFO] [stdout]    |
[INFO] [stdout] 36 | mod method;
[INFO] [stdout]    | ^^^^^^^^^^^
[INFO] [stdout] 
[INFO] [stdout] 
[INFO] [stdout] error[E0603]: module `method` is private
[INFO] [stdout]   --> src/gateway_grpc.rs:41:36
[INFO] [stdout]    |
[INFO] [stdout] 41 |                 streaming: ::grpc::method::GrpcStreaming::ServerStreaming,
[INFO] [stdout]    |                                    ^^^^^^ private module
[INFO] [stdout]    |
[INFO] [stdout] note: the module `method` is defined here
[INFO] [stdout]   --> /opt/rustwide/cargo-home/registry/src/github.com-1ecc6299db9ec823/grpc-0.2.1/src/lib.rs:36:1
[INFO] [stdout]    |
[INFO] [stdout] 36 | mod method;
[INFO] [stdout]    | ^^^^^^^^^^^
[INFO] [stdout] 
[INFO] [stdout] 
[INFO] [stdout] error[E0603]: module `client` is private
[INFO] [stdout]   --> src/gateway_grpc.rs:48:64
[INFO] [stdout]    |
[INFO] [stdout] 48 |     pub fn new(host: &str, port: u16, tls: bool, conf: ::grpc::client::GrpcClientConf) -> ::grpc::result::GrpcResult<Self> {
[INFO] [stdout]    |                                                                ^^^^^^ private module
[INFO] [stdout]    |
[INFO] [stdout] note: the module `client` is defined here
[INFO] [stdout]   --> /opt/rustwide/cargo-home/registry/src/github.com-1ecc6299db9ec823/grpc-0.2.1/src/lib.rs:21:1
[INFO] [stdout]    |
[INFO] [stdout] 21 | mod client;
[INFO] [stdout]    | ^^^^^^^^^^^
[INFO] [stdout] 
[INFO] [stdout] 
[INFO] [stdout] error[E0603]: module `result` is private
[INFO] [stdout]   --> src/gateway_grpc.rs:48:99
[INFO] [stdout]    |
[INFO] [stdout] 48 |     pub fn new(host: &str, port: u16, tls: bool, conf: ::grpc::client::GrpcClientConf) -> ::grpc::result::GrpcResult<Self> {
[INFO] [stdout]    |                                                                                                   ^^^^^^ private module
[INFO] [stdout]    |
[INFO] [stdout] note: the module `result` is defined here
[INFO] [stdout]   --> /opt/rustwide/cargo-home/registry/src/github.com-1ecc6299db9ec823/grpc-0.2.1/src/lib.rs:30:1
[INFO] [stdout]    |
[INFO] [stdout] 30 | mod result;
[INFO] [stdout]    | ^^^^^^^^^^^
[INFO] [stdout] 
[INFO] [stdout] 
[INFO] [stdout] error[E0603]: module `client` is private
[INFO] [stdout]   --> src/gateway_grpc.rs:49:17
[INFO] [stdout]    |
[INFO] [stdout] 49 |         ::grpc::client::GrpcClient::new(host, port, tls, conf).map(|c| {
[INFO] [stdout]    |                 ^^^^^^ private module
[INFO] [stdout]    |
[INFO] [stdout] note: the module `client` is defined here
[INFO] [stdout]   --> /opt/rustwide/cargo-home/registry/src/github.com-1ecc6299db9ec823/grpc-0.2.1/src/lib.rs:21:1
[INFO] [stdout]    |
[INFO] [stdout] 21 | mod client;
[INFO] [stdout]    | ^^^^^^^^^^^
[INFO] [stdout] 
[INFO] [stdout] 
[INFO] [stdout] error[E0603]: module `server` is private
[INFO] [stdout]   --> src/gateway_grpc.rs:64:30
[INFO] [stdout]    |
[INFO] [stdout] 64 |     pub grpc_server: ::grpc::server::GrpcServer,
[INFO] [stdout]    |                              ^^^^^^ private module
[INFO] [stdout]    |
[INFO] [stdout] note: the module `server` is defined here
[INFO] [stdout]   --> /opt/rustwide/cargo-home/registry/src/github.com-1ecc6299db9ec823/grpc-0.2.1/src/lib.rs:22:1
[INFO] [stdout]    |
[INFO] [stdout] 22 | mod server;
[INFO] [stdout]    | ^^^^^^^^^^^
[INFO] [stdout] 
[INFO] [stdout] 
[INFO] [stdout] error[E0603]: module `server` is private
[INFO] [stdout]   --> src/gateway_grpc.rs:68:27
[INFO] [stdout]    |
[INFO] [stdout] 68 |     type Target = ::grpc::server::GrpcServer;
[INFO] [stdout]    |                           ^^^^^^ private module
[INFO] [stdout]    |
[INFO] [stdout] note: the module `server` is defined here
[INFO] [stdout]   --> /opt/rustwide/cargo-home/registry/src/github.com-1ecc6299db9ec823/grpc-0.2.1/src/lib.rs:22:1
[INFO] [stdout]    |
[INFO] [stdout] 22 | mod server;
[INFO] [stdout]    | ^^^^^^^^^^^
[INFO] [stdout] 
[INFO] [stdout] 
[INFO] [stdout] error[E0603]: module `server` is private
[INFO] [stdout]   --> src/gateway_grpc.rs:76:117
[INFO] [stdout]    |
[INFO] [stdout] 76 | ...'static + Sync + Send + 'static>(addr: A, conf: ::grpc::server::GrpcServerConf, h: H) -> Self {
[INFO] [stdout]    |                                                            ^^^^^^ private module
[INFO] [stdout]    |
[INFO] [stdout] note: the module `server` is defined here
[INFO] [stdout]   --> /opt/rustwide/cargo-home/registry/src/github.com-1ecc6299db9ec823/grpc-0.2.1/src/lib.rs:22:1
[INFO] [stdout]    |
[INFO] [stdout] 22 | mod server;
[INFO] [stdout]    | ^^^^^^^^^^^
[INFO] [stdout] 
[INFO] [stdout] 
[INFO] [stdout] error[E0603]: module `server` is private
[INFO] [stdout]   --> src/gateway_grpc.rs:79:34
[INFO] [stdout]    |
[INFO] [stdout] 79 |             grpc_server: ::grpc::server::GrpcServer::new_plain(addr, conf, service_definition),
[INFO] [stdout]    |                                  ^^^^^^ private module
[INFO] [stdout]    |
[INFO] [stdout] note: the module `server` is defined here
[INFO] [stdout]   --> /opt/rustwide/cargo-home/registry/src/github.com-1ecc6299db9ec823/grpc-0.2.1/src/lib.rs:22:1
[INFO] [stdout]    |
[INFO] [stdout] 22 | mod server;
[INFO] [stdout]    | ^^^^^^^^^^^
[INFO] [stdout] 
[INFO] [stdout] 
[INFO] [stdout] error[E0603]: module `server` is private
[INFO] [stdout]   --> src/gateway_grpc.rs:83:122
[INFO] [stdout]    |
[INFO] [stdout] 83 | ...'static + Sync + Send + 'static>(addr: A, conf: ::grpc::server::GrpcServerConf, h: H, cpu_pool: ::futures_cpupool::CpuPool) -> Self {
[INFO] [stdout]    |                                                            ^^^^^^ private module
[INFO] [stdout]    |
[INFO] [stdout] note: the module `server` is defined here
[INFO] [stdout]   --> /opt/rustwide/cargo-home/registry/src/github.com-1ecc6299db9ec823/grpc-0.2.1/src/lib.rs:22:1
[INFO] [stdout]    |
[INFO] [stdout] 22 | mod server;
[INFO] [stdout]    | ^^^^^^^^^^^
[INFO] [stdout] 
[INFO] [stdout] 
[INFO] [stdout] error[E0603]: module `server` is private
[INFO] [stdout]   --> src/gateway_grpc.rs:86:34
[INFO] [stdout]    |
[INFO] [stdout] 86 |             grpc_server: ::grpc::server::GrpcServer::new_plain_pool(addr, conf, service_definition, cpu_pool),
[INFO] [stdout]    |                                  ^^^^^^ private module
[INFO] [stdout]    |
[INFO] [stdout] note: the module `server` is defined here
[INFO] [stdout]   --> /opt/rustwide/cargo-home/registry/src/github.com-1ecc6299db9ec823/grpc-0.2.1/src/lib.rs:22:1
[INFO] [stdout]    |
[INFO] [stdout] 22 | mod server;
[INFO] [stdout]    | ^^^^^^^^^^^
[INFO] [stdout] 
[INFO] [stdout] 
[INFO] [stdout] error[E0603]: module `server` is private
[INFO] [stdout]   --> src/gateway_grpc.rs:90:98
[INFO] [stdout]    |
[INFO] [stdout] 90 |     pub fn new_service_def<H : Gateway + 'static + Sync + Send + 'static>(handler: H) -> ::grpc::server::ServerServiceDefinition {
[INFO] [stdout]    |                                                                                                  ^^^^^^ private module
[INFO] [stdout]    |
[INFO] [stdout] note: the module `server` is defined here
[INFO] [stdout]   --> /opt/rustwide/cargo-home/registry/src/github.com-1ecc6299db9ec823/grpc-0.2.1/src/lib.rs:22:1
[INFO] [stdout]    |
[INFO] [stdout] 22 | mod server;
[INFO] [stdout]    | ^^^^^^^^^^^
[INFO] [stdout] 
[INFO] [stdout] 
[INFO] [stdout] error[E0603]: module `server` is private
[INFO] [stdout]   --> src/gateway_grpc.rs:92:17
[INFO] [stdout]    |
[INFO] [stdout] 92 |         ::grpc::server::ServerServiceDefinition::new(
[INFO] [stdout]    |                 ^^^^^^ private module
[INFO] [stdout]    |
[INFO] [stdout] note: the module `server` is defined here
[INFO] [stdout]   --> /opt/rustwide/cargo-home/registry/src/github.com-1ecc6299db9ec823/grpc-0.2.1/src/lib.rs:22:1
[INFO] [stdout]    |
[INFO] [stdout] 22 | mod server;
[INFO] [stdout]    | ^^^^^^^^^^^
[INFO] [stdout] 
[INFO] [stdout] 
[INFO] [stdout] error[E0603]: module `server` is private
[INFO] [stdout]   --> src/gateway_grpc.rs:94:25
[INFO] [stdout]    |
[INFO] [stdout] 94 |                 ::grpc::server::ServerMethod::new(
[INFO] [stdout]    |                         ^^^^^^ private module
[INFO] [stdout]    |
[INFO] [stdout] note: the module `server` is defined here
[INFO] [stdout]   --> /opt/rustwide/cargo-home/registry/src/github.com-1ecc6299db9ec823/grpc-0.2.1/src/lib.rs:22:1
[INFO] [stdout]    |
[INFO] [stdout] 22 | mod server;
[INFO] [stdout]    | ^^^^^^^^^^^
[INFO] [stdout] 
[INFO] [stdout] 
[INFO] [stdout] error[E0603]: module `method` is private
[INFO] [stdout]   --> src/gateway_grpc.rs:95:51
[INFO] [stdout]    |
[INFO] [stdout] 95 |                     ::std::sync::Arc::new(::grpc::method::MethodDescriptor {
[INFO] [stdout]    |                                                   ^^^^^^ private module
[INFO] [stdout]    |
[INFO] [stdout] note: the module `method` is defined here
[INFO] [stdout]   --> /opt/rustwide/cargo-home/registry/src/github.com-1ecc6299db9ec823/grpc-0.2.1/src/lib.rs:36:1
[INFO] [stdout]    |
[INFO] [stdout] 36 | mod method;
[INFO] [stdout]    | ^^^^^^^^^^^
[INFO] [stdout] 
[INFO] [stdout] 
[INFO] [stdout] error[E0603]: module `method` is private
[INFO] [stdout]   --> src/gateway_grpc.rs:97:44
[INFO] [stdout]    |
[INFO] [stdout] 97 |                         streaming: ::grpc::method::GrpcStreaming::ServerStreaming,
[INFO] [stdout]    |                                            ^^^^^^ private module
[INFO] [stdout]    |
[INFO] [stdout] note: the module `method` is defined here
[INFO] [stdout]   --> /opt/rustwide/cargo-home/registry/src/github.com-1ecc6299db9ec823/grpc-0.2.1/src/lib.rs:36:1
[INFO] [stdout]    |
[INFO] [stdout] 36 | mod method;
[INFO] [stdout]    | ^^^^^^^^^^^
[INFO] [stdout] 
[INFO] [stdout] 
[INFO] [stdout] error[E0603]: module `server` is private
[INFO] [stdout]    --> src/gateway_grpc.rs:103:33
[INFO] [stdout]     |
[INFO] [stdout] 103 |                         ::grpc::server::MethodHandlerServerStreaming::new(move |o, p| handler_copy.RemoteLogging(o, p))
[INFO] [stdout]     |                                 ^^^^^^ private module
[INFO] [stdout]     |
[INFO] [stdout] note: the module `server` is defined here
[INFO] [stdout]    --> /opt/rustwide/cargo-home/registry/src/github.com-1ecc6299db9ec823/grpc-0.2.1/src/lib.rs:22:1
[INFO] [stdout]     |
[INFO] [stdout] 22  | mod server;
[INFO] [stdout]     | ^^^^^^^^^^^
[INFO] [stdout] 
[INFO] [stdout] 
[INFO] [stdout] warning: trait objects without an explicit `dyn` are deprecated
[INFO] [stdout]    --> src/gateway.rs:219:26
[INFO] [stdout]     |
[INFO] [stdout] 219 |     fn as_any(&self) -> &::std::any::Any {
[INFO] [stdout]     |                          ^^^^^^^^^^^^^^^ help: use `dyn`: `dyn (::std::any::Any)`
[INFO] [stdout]     |
[INFO] [stdout]     = note: `#[warn(bare_trait_objects)]` on by default
[INFO] [stdout]     = warning: this was previously accepted by the compiler but is being phased out; it will become a hard error in the 2021 edition!
[INFO] [stdout]     = note: for more information, see issue #80165 <https://github.com/rust-lang/rust/issues/80165>
[INFO] [stdout] 
[INFO] [stdout] 
[INFO] [stdout] warning: trait objects without an explicit `dyn` are deprecated
[INFO] [stdout]    --> src/gateway.rs:220:18
[INFO] [stdout]     |
[INFO] [stdout] 220 |         self as &::std::any::Any
[INFO] [stdout]     |                  ^^^^^^^^^^^^^^^ help: use `dyn`: `dyn (::std::any::Any)`
[INFO] [stdout]     |
[INFO] [stdout]     = warning: this was previously accepted by the compiler but is being phased out; it will become a hard error in the 2021 edition!
[INFO] [stdout]     = note: for more information, see issue #80165 <https://github.com/rust-lang/rust/issues/80165>
[INFO] [stdout] 
[INFO] [stdout] 
[INFO] [stdout] warning: trait objects without an explicit `dyn` are deprecated
[INFO] [stdout]    --> src/gateway.rs:222:38
[INFO] [stdout]     |
[INFO] [stdout] 222 |     fn as_any_mut(&mut self) -> &mut ::std::any::Any {
[INFO] [stdout]     |                                      ^^^^^^^^^^^^^^^ help: use `dyn`: `dyn (::std::any::Any)`
[INFO] [stdout]     |
[INFO] [stdout]     = warning: this was previously accepted by the compiler but is being phased out; it will become a hard error in the 2021 edition!
[INFO] [stdout]     = note: for more information, see issue #80165 <https://github.com/rust-lang/rust/issues/80165>
[INFO] [stdout] 
[INFO] [stdout] 
[INFO] [stdout] warning: trait objects without an explicit `dyn` are deprecated
[INFO] [stdout]    --> src/gateway.rs:223:22
[INFO] [stdout]     |
[INFO] [stdout] 223 |         self as &mut ::std::any::Any
[INFO] [stdout]     |                      ^^^^^^^^^^^^^^^ help: use `dyn`: `dyn (::std::any::Any)`
[INFO] [stdout]     |
[INFO] [stdout]     = warning: this was previously accepted by the compiler but is being phased out; it will become a hard error in the 2021 edition!
[INFO] [stdout]     = note: for more information, see issue #80165 <https://github.com/rust-lang/rust/issues/80165>
[INFO] [stdout] 
[INFO] [stdout] 
[INFO] [stdout] warning: trait objects without an explicit `dyn` are deprecated
[INFO] [stdout]    --> src/gateway.rs:225:55
[INFO] [stdout]     |
[INFO] [stdout] 225 |     fn into_any(self: Box<Self>) -> ::std::boxed::Box<::std::any::Any> {
[INFO] [stdout]     |                                                       ^^^^^^^^^^^^^^^ help: use `dyn`: `dyn (::std::any::Any)`
[INFO] [stdout]     |
[INFO] [stdout]     = warning: this was previously accepted by the compiler but is being phased out; it will become a hard error in the 2021 edition!
[INFO] [stdout]     = note: for more information, see issue #80165 <https://github.com/rust-lang/rust/issues/80165>
[INFO] [stdout] 
[INFO] [stdout] 
[INFO] [stdout] warning: trait objects without an explicit `dyn` are deprecated
[INFO] [stdout]    --> src/gateway.rs:400:26
[INFO] [stdout]     |
[INFO] [stdout] 400 |     fn as_any(&self) -> &::std::any::Any {
[INFO] [stdout]     |                          ^^^^^^^^^^^^^^^ help: use `dyn`: `dyn (::std::any::Any)`
[INFO] [stdout]     |
[INFO] [stdout]     = warning: this was previously accepted by the compiler but is being phased out; it will become a hard error in the 2021 edition!
[INFO] [stdout]     = note: for more information, see issue #80165 <https://github.com/rust-lang/rust/issues/80165>
[INFO] [stdout] 
[INFO] [stdout] 
[INFO] [stdout] warning: trait objects without an explicit `dyn` are deprecated
[INFO] [stdout]    --> src/gateway.rs:401:18
[INFO] [stdout]     |
[INFO] [stdout] 401 |         self as &::std::any::Any
[INFO] [stdout]     |                  ^^^^^^^^^^^^^^^ help: use `dyn`: `dyn (::std::any::Any)`
[INFO] [stdout]     |
[INFO] [stdout]     = warning: this was previously accepted by the compiler but is being phased out; it will become a hard error in the 2021 edition!
[INFO] [stdout]     = note: for more information, see issue #80165 <https://github.com/rust-lang/rust/issues/80165>
[INFO] [stdout] 
[INFO] [stdout] 
[INFO] [stdout] warning: trait objects without an explicit `dyn` are deprecated
[INFO] [stdout]    --> src/gateway.rs:403:38
[INFO] [stdout]     |
[INFO] [stdout] 403 |     fn as_any_mut(&mut self) -> &mut ::std::any::Any {
[INFO] [stdout]     |                                      ^^^^^^^^^^^^^^^ help: use `dyn`: `dyn (::std::any::Any)`
[INFO] [stdout]     |
[INFO] [stdout]     = warning: this was previously accepted by the compiler but is being phased out; it will become a hard error in the 2021 edition!
[INFO] [stdout]     = note: for more information, see issue #80165 <https://github.com/rust-lang/rust/issues/80165>
[INFO] [stdout] 
[INFO] [stdout] 
[INFO] [stdout] warning: trait objects without an explicit `dyn` are deprecated
[INFO] [stdout]    --> src/gateway.rs:404:22
[INFO] [stdout]     |
[INFO] [stdout] 404 |         self as &mut ::std::any::Any
[INFO] [stdout]     |                      ^^^^^^^^^^^^^^^ help: use `dyn`: `dyn (::std::any::Any)`
[INFO] [stdout]     |
[INFO] [stdout]     = warning: this was previously accepted by the compiler but is being phased out; it will become a hard error in the 2021 edition!
[INFO] [stdout]     = note: for more information, see issue #80165 <https://github.com/rust-lang/rust/issues/80165>
[INFO] [stdout] 
[INFO] [stdout] 
[INFO] [stdout] warning: trait objects without an explicit `dyn` are deprecated
[INFO] [stdout]    --> src/gateway.rs:406:55
[INFO] [stdout]     |
[INFO] [stdout] 406 |     fn into_any(self: Box<Self>) -> ::std::boxed::Box<::std::any::Any> {
[INFO] [stdout]     |                                                       ^^^^^^^^^^^^^^^ help: use `dyn`: `dyn (::std::any::Any)`
[INFO] [stdout]     |
[INFO] [stdout]     = warning: this was previously accepted by the compiler but is being phased out; it will become a hard error in the 2021 edition!
[INFO] [stdout]     = note: for more information, see issue #80165 <https://github.com/rust-lang/rust/issues/80165>
[INFO] [stdout] 
[INFO] [stdout] 
[INFO] [stdout] error[E0061]: this function takes 2 arguments but 1 argument was supplied
[INFO] [stdout]    --> src/gateway_grpc.rs:92:9
[INFO] [stdout]     |
[INFO] [stdout] 92  |           ::grpc::server::ServerServiceDefinition::new(
[INFO] [stdout]     |           ^^^^^^^^^^^^^^^^^^^^^^^^^^^^^^^^^^^^^^^^^^^^ expected 2 arguments
[INFO] [stdout] 93  | /             vec![
[INFO] [stdout] 94  | |                 ::grpc::server::ServerMethod::new(
[INFO] [stdout] 95  | |                     ::std::sync::Arc::new(::grpc::method::MethodDescriptor {
[INFO] [stdout] 96  | |                         name: "/gateway.Gateway/RemoteLogging".to_string(),
[INFO] [stdout] ...   |
[INFO] [stdout] 105 | |                 ),
[INFO] [stdout] 106 | |             ],
[INFO] [stdout]     | |_____________- supplied 1 argument
[INFO] [stdout]     |
[INFO] [stdout] note: associated function defined here
[INFO] [stdout]    --> /opt/rustwide/cargo-home/registry/src/github.com-1ecc6299db9ec823/grpc-0.2.1/src/server.rs:41:12
[INFO] [stdout]     |
[INFO] [stdout] 41  |     pub fn new(prefix: &str, methods: Vec<ServerMethod>) -> ServerServiceDefinition {
[INFO] [stdout]     |            ^^^
[INFO] [stdout] 
[INFO] [stdout] 
[INFO] [stdout] error: aborting due to 40 previous errors; 10 warnings emitted
[INFO] [stdout] 
[INFO] [stdout] 
[INFO] [stdout] Some errors have detailed explanations: E0061, E0412, E0433, E0603.
[INFO] [stdout] 
[INFO] [stdout] For more information about an error, try `rustc --explain E0061`.
[INFO] [stdout] 
[INFO] [stderr] error: could not compile `grpctestapp`
[INFO] [stderr] 
[INFO] [stderr] To learn more, run the command again with --verbose.
[INFO] [stderr] warning: build failed, waiting for other jobs to finish...
[INFO] [stderr] error: build failed
[INFO] running `Command { std: "docker" "inspect" "bf2799dfde405eb9ccd97ce62f7e984eccb5c27fca2bfc9b28f9e0b4c5512b51", kill_on_drop: false }`
[INFO] running `Command { std: "docker" "rm" "-f" "bf2799dfde405eb9ccd97ce62f7e984eccb5c27fca2bfc9b28f9e0b4c5512b51", kill_on_drop: false }`
[INFO] [stdout] bf2799dfde405eb9ccd97ce62f7e984eccb5c27fca2bfc9b28f9e0b4c5512b51
